 when u is divided by 14?
13
Let c = 38 + -63. Let l(g) = g**3 + 5*g**2 + 2*g + 9. Let p be l(-5). Calculate the remainder when ((-110)/c)/(p/(-25)) is divided by 38.
34
Let m be 8/(-4) + (-3)/3 - -3. Suppose 0 = 4*v + 16, -5*z + 10*z - v - 134 = 0. What is the remainder when 47 - (m - 1)*1 is divided by z?
22
Suppose 0 = 5*k - 4*k - 3*s - 87, 0 = 3*k + 4*s - 300. What is the remainder when 148 is divided by ((-513)/(-18))/(4/k*9)?
72
What is the remainder when 33544/84 + (-14)/6 + 3 is divided by 33?
4
Suppose -142 = -5*k + 4*w, 2*k - 2*w = 75 - 17. Let s be (-5)/((1/(-3))/(-1)). Let r = k + s. What is the remainder when r is divided by 8?
3
Let b(c) = 4*c**2 - c - 488. Calculate the remainder when b(17) is divided by 132.
123
Let t(u) = -2*u**2 + 6*u + 13. Let w be t(4). Suppose 10 = z - 5*l, -4*l = w*z - 3*l - 76. Calculate the remainder when 44 is divided by z.
14
Suppose 0*x + 3*x - 30 = 0. Let m be (-6)/x - 230/(-50). Calculate the remainder when 23 is divided by (1 - 0)*(-12)/(0 - m).
2
Calculate the remainder when 259 is divided by (-3*(-4)/(-5))/(782/(-21505)).
61
Suppose -21726 - 31789 = -385*q. Let u(l) = -27*l. What is the remainder when q is divided by u(-1)?
4
Suppose -9*k + 105 + 57 = 0. Suppose -44 = 14*h - k*h. Calculate the remainder when 12 is divided by h.
1
Suppose 0 = -36*h + 41*h - 30. Let a be 32/18 + h/27. Suppose -3*g + a*g + 20 = 3*j, 3*g - 2*j - 27 = 0. Calculate the remainder when g is divided by 6.
5
Suppose -12 - 6 = -g. Calculate the remainder when (807 + -800)/((2/5)/((-356)/(-35))) is divided by g.
16
Let s = -389 - -397. Calculate the remainder when 177 is divided by 322/21 + s + 1/(-3).
16
Suppose 3*r + 9 = 0, -y - 178 = -2*y + 2*r. Suppose -9*w = -13*w + y. Let m = w - 38. Calculate the remainder when 23 is divided by m.
3
Suppose -18*u + 23480 = 2*u. Suppose -4*x - 966 = -u. Calculate the remainder when 147 is divided by x.
43
Suppose 10*t = 52 + 38. Suppose 6 - 216 = -3*a. What is the remainder when a is divided by t?
7
Let r(a) = -a**3 + a**2 + 130. Let c be r(0). Suppose 33*m = 43*m - c. What is the remainder when 42 is divided by m?
3
Suppose -42*x = 16*x - 1740. What is the remainder when 2604 is divided by x?
24
Let k(i) = -2*i**3 - 4*i**2 - 5*i - 3. Suppose -782*z - 1876*z = -751119 - 848653 + 411646. What is the remainder when z is divided by k(-3)?
27
Suppose 72 = s - 0*s. Let o = s + -68. Suppose 0 = 5*w - 3*w - o. What is the remainder when w is divided by 2?
0
Suppose 38 - 94 = -2*y. Suppose 3*n - 5 = -5*b + 17, 3*b = -4*n + 22. What is the remainder when 102/b - (-9)/3 is divided by y?
26
Suppose -397*f + 396*f + 31 = 0. What is the remainder when 433 is divided by f?
30
Let f = 20 + -13. Suppose -3*b + 0 - f = 4*q, 2*b - 2 = -q. What is the remainder when 43 is divided by -4 + b + 1 + 4?
3
Let g(b) = -14*b + 143. Let z be g(10). Suppose -132 = -5*c + z. Calculate the remainder when 77 is divided by c.
23
Let i(q) = -3*q**2 - 10*q + 89. Let j(r) = -4*r**2 - 11*r + 88. Let w(h) = 3*i(h) - 2*j(h). What is the remainder when 169 is divided by w(-11)?
53
Suppose -31*z = -37*z + 24. Suppose -2*f = -3*d + 2*f + 160, z*d - 206 = -2*f. Calculate the remainder when d is divided by 2/(2*-1) + 16.
7
Let r = 251743 - 251649. Calculate the remainder when r is divided by 1/((-3)/(-4))*15.
14
Let r(k) = -66*k + 8010. Calculate the remainder when r(100) is divided by 23.
7
Suppose 3*t - 4*w - 16 = 0, -2*t = -4*t - 3*w - 12. Suppose t = 5*x + 101 - 301. Let h = x - 36. Calculate the remainder when 9 is divided by h.
1
Let k = 16459 - 12737. Calculate the remainder when k is divided by 46.
42
Let j = 912 + -910. Suppose 4*y = -v + 65, j*v + y - 105 = -2*y. What is the remainder when v is divided by 24?
21
Let r be -2 + (-224)/(-1 - 3). Suppose -5*f + r = -2*f. Suppose -f*b + 50 = -16*b. What is the remainder when b is divided by 8?
1
Suppose 9*k - 13 = 32. Calculate the remainder when 96 is divided by (k - 8)/(3/(-10)).
6
Suppose -2*w - y = -5, -2*w + y = -3*w + 4. Calculate the remainder when w/(((-6)/27)/((-102)/9)) is divided by 3.
0
Let y(h) = -2*h + 3. Let o(w) = -30*w + 45 + 35*w**3 - 37*w**3 + 18*w + 15*w. Calculate the remainder when o(0) is divided by y(-5).
6
Let n = 871 + -769. Suppose -2*y = -88 - n. Calculate the remainder when y is divided by 13.
4
Let q = 84 - 153. Let n = q - -94. Let h = 105 - 34. What is the remainder when h is divided by n?
21
Suppose -164*v - 746 = -165*v - 3*x, -v + 802 = -4*x. Calculate the remainder when v is divided by 8.
2
Let h(x) = x**3 + 4*x**2 + 5*x + 3. Let p be h(-1). Let r(c) = 31*c**3 - 2*c + 1. What is the remainder when 43 is divided by r(p)?
13
Let i = -4 - -42. What is the remainder when -36*14/28*248/(-36) is divided by i?
10
Suppose -10*t + 12*t + 22 = -3*x, 5*t - 5*x + 5 = 0. Calculate the remainder when 280 is divided by (-20)/6*(73/t + 5).
24
Calculate the remainder when 3130 is divided by 81/(-6 + 3 - -6).
25
Let g = 201 - 92. Let n(j) be the second derivative of 9*j**4/4 - 25*j**3/6 - 12*j**2 - 41*j - 1. Calculate the remainder when g is divided by n(-1).
25
Suppose 100 = -6*d + 2*d. Let y = d + 56. What is the remainder when (0 - (-4 + 11)) + 7/(49/875) is divided by y?
25
Suppose -18*c + 35*c = 119. Suppose c*o - 67 = 45. Suppose -36 - 140 = -4*a. What is the remainder when a is divided by o?
12
Let q = -21722 - -21876. Calculate the remainder when 463 is divided by q.
1
Let k(g) = 2*g**2 - 8*g + 10. Let q = 104 - -39. Suppose -3*y + 440 = q. What is the remainder when y is divided by k(6)?
31
Suppose -318*z - 307*z = -596*z - 82244. Calculate the remainder when z is divided by 203.
197
Suppose 0 = -74*o - 69*o + 22165. What is the remainder when o is divided by 39?
38
Let v(g) be the first derivative of 2*g**2 + 28*g + 68. What is the remainder when 39 is divided by v(-5)?
7
Suppose 596 = 12*y + 212. Let v = -82 - -366. What is the remainder when 12 is divided by v/y + -4 - 1/(-8)?
2
Suppose 10 = 20*d - 19*d. Suppose 313 + 55 = 8*h. Calculate the remainder when h is divided by d.
6
Let c = 175 - 175. Suppose -a = 3, c*h + 2*a = 4*h - 346. What is the remainder when h is divided by 9?
4
Let l(q) = -q**2 + 24*q + 10. Let b be l(0). Let w(y) be the first derivative of y**2/2 + 10*y + 1. Calculate the remainder when w(b) is divided by 11.
9
Let s(p) = -p**3 - 21*p**2 + 3*p + 60. Let b be s(-21). What is the remainder when (-30)/1*(b + (-14)/4) is divided by 49?
48
Suppose z + 3*y - 1 = -8, 0 = -z + 3*y + 11. Calculate the remainder when 29 is divided by -2 + 0 + 8/z.
1
Suppose 4*v = 2*v + 2*y + 324, -4*v + 643 = -3*y. What is the remainder when v is divided by 40?
37
Let m = 617 + -599. Calculate the remainder when 214 is divided by m.
16
Let v(g) = -4*g**3 - 48*g**2 - 33*g - 201. What is the remainder when v(-13) is divided by 343?
218
Let p be (0 - 2)/(-1*(-5)/(-10)). Let u(k) = 6*k - 5. Let j be u(p). Let m = j + -17. Calculate the remainder when m is divided by 1.
0
Let h(u) = -u**3 - 2*u**2 - 3*u - 4. What is the remainder when h(-4) is divided by (6/(-24))/(11/(-924))?
19
Suppose -4*m - 26*f + 1076 = 0, -71*f + 510 = 2*m - 72*f. Calculate the remainder when 3326 is divided by m.
254
Let w(d) = d**2 + 7*d + 8. Let a be w(-8). Let l = 3 + a. What is the remainder when (0 - (1 - 3)/2) + (17 - -51) is divided by l?
12
Suppose -14*v + 27*v = 533. What is the remainder when 940 is divided by v?
38
Suppose 718 - 694 = 8*b. Calculate the remainder when (10 + 1786)*b/12 is divided by 75.
74
Let b = 655 - 604. What is the remainder when b is divided by 28?
23
Let q = 886 - 849. Suppose 6*f - 131 = q. Let z = -159 + 265. Calculate the remainder when z is divided by f.
22
Let r(u) = -49*u - 8. Let q be r(3). Let o = q + 257. What is the remainder when o is divided by 21?
18
What is the remainder when 240 is divided by ((-1040)/(-120))/(-2 + 4)*3?
6
Suppose i - 3*y = -70, -2*i + 95 = -4*i - 3*y. Calculate the remainder when 124 is divided by (-1023)/i + (-9)/15.
16
Let i = 396 + -754. Let w = i - -382. What is the remainder when 119 is divided by w?
23
Calculate the remainder when 8242 is divided by (-1377)/102*-2*10/15.
16
Suppose -10*a = 4*i - 6*a - 168, 5*i = 17*a + 254. Let m be (-2 + 6)*8*3. Suppose x = 5*x - m. What is the remainder when i is divid